 + g - 10. Suppose 2302 = 2*a - h*a. Is a a composite number?
False
Let w(r) = 26*r**2 - r + 37. Let f be w(-7). Suppose 0 = -12*c + 10*c + f. Is c prime?
True
Suppose 2*z = 8, 4*u - 2982450 + 550834 = 3*z. Is u a prime number?
False
Is (-1)/(-4*13/831272) a prime number?
False
Is 145989 - (4/16 + (-9)/4) a prime number?
True
Suppose 0 = -11*j + 24 + 9. Suppose j*u = -2*n + 8522, 4*n - 5*n - 5*u + 4247 = 0. Suppose 2*b - n = -3*y + 1372, 4*y = -3*b + 8461. Is b a composite number?
True
Suppose -242 = -s + h, 30*s = 26*s - 4*h + 976. Is (9/s*9)/(2/31494) a composite number?
True
Suppose -18*t - 4 = -19*t. Suppose s + 15 = t*s. Let i = s - -92. Is i prime?
True
Let y be 2*(-1)/(6/(-15)). Suppose 0 = -12*u - y*u + 28033. Is u composite?
True
Let g(m) = 5*m - 1 + 18*m**2 + 3*m**2 + 2 + 112*m**2 + 2*m. Let k = 12 - 9. Is g(k) prime?
False
Let w = 321656 + -75969. Is w a composite number?
True
Let f be (4 - 3)*(-729)/(-1). Let j = -188 + f. Suppose 3*n = -5*o - 219 + 2963, -o + j = -2*n. Is o a composite number?
False
Suppose 6*y + 9*y - 18150 = 0. Suppose 4*l + y = 3*a, 4*a - 3*a + 2*l - 390 = 0. Is a a composite number?
True
Suppose -5*a - 340 = -3*a - 5*x, -a - 159 = 3*x. Let d = a - -719. Is d a prime number?
False
Suppose -9*m - 489 - 312 = 0. Let v = 615 + m. Is v prime?
False
Let b(g) = g**3 + 13*g + 295183. Is b(0) prime?
False
Let x(n) be the third derivative of -27*n**6/4 - n**5/30 - n**4/8 - n**3/3 - 109*n**2 + 3*n. Let t(d) = d**2 - 3*d + 1. Let l be t(2). Is x(l) composite?
False
Suppose 70*p - 2057077 - 669073 = 0. Is p composite?
True
Let u(t) be the third derivative of 46*t**5/5 + t**4/24 + t**3/3 - 4*t**2. Let x be u(-1). Is x - (0 - (4 + 0)) a prime number?
True
Let x be (25/(-3) + 11)/(1/(-371880)). Is x/(-100) - (-1)/5 a composite number?
True
Is (807777/33)/(15/165) a composite number?
True
Is 315806810/825 + 35 + ((-56)/(-30) - 2) a prime number?
False
Suppose 51*a = 841623 + 124674. Is a a composite number?
False
Is ((-229708137)/1018)/(6/(-4)) composite?
False
Suppose -30*t + 12*t = -28*t + 137010. Is t a composite number?
True
Is 5 - (-10 + -10 + 21 + (-1501614)/2) composite?
True
Suppose 3*f - 67 = 62. Let h = 40 - f. Is 1/h*(-1009 - (0 - -2)) a prime number?
True
Let k(g) = g**3 + 23*g**2 + 20*g - 22. Let c be k(-22). Let o = c + -14. Suppose 5*i = o*i - 2091. Is i composite?
True
Suppose -5*r - 3*x + 7*x = -55745, 0 = -r + 4*x + 11149. Is r a composite number?
False
Suppose -2418 = -4*z + u, -4*z + 2430 = -0*z + 5*u. Let p = z + -102. Is p composite?
False
Let w = -82 + 103. Suppose -2*h - 9 = w. Is 548 - (3/5 - 6/h) prime?
True
Let c = -16290 + 24228. Let p = -3521 + c. Is p composite?
True
Let w(l) = 21*l**3 + 5*l**2 + 16*l - 48. Let z be w(10). Is (8/(-48))/((-2)/z) a prime number?
True
Suppose -9*f = -16348 - 37535. Is f a prime number?
True
Let l(y) = -8*y - 2. Let b be l(7). Let z = b + 76. Suppose -z*n = -12*n - 31278. Is n a composite number?
True
Suppose 0*s - 4 = -s + q, 4*q + 9 = -3*s. Let a be (-3308)/3*(s - 5)*-3. Is (-1)/(1 - a/(-13228)) a composite number?
False
Suppose 36 = -14*t + 32*t. Suppose 17754 = t*n - 4*c, -3*n + 3*c = -5*n + 17768. Is n a composite number?
True
Suppose 0 = -3*o - 2*o + o. Suppose -3*t + 2*s - 31 + o = 0, 5*t + 4*s = -15. Is ((t - -5)/((-2)/(-622)))/(-2) a composite number?
False
Let a(k) = -15*k**3 - 5*k**2 - 10*k + 1. Suppose 8*g + 22 = -18. Is a(g) a composite number?
False
Let d(u) = -u**3 + 21*u**2 - 20*u - 8. Let r be d(20). Let n be ((-3)/r)/((-3)/(-24)). Suppose -10745 = -11*l + 6*l - n*p, 0 = -4*p. Is l a composite number?
True
Suppose 742*i - 746*i - d + 391310 = 0, -4*d + 293463 = 3*i. Is i a prime number?
True
Suppose -2031 = -4*i + 1085. Suppose i = 5*y + 4*r - 1415, -3*y + 1318 = 2*r. Let k = y + -147. Is k a prime number?
False
Suppose 0 = -58*p + 48*p - 60. Let s(z) = -404*z - 181. Is s(p) a prime number?
True
Let l(y) = 13*y**2. Let d be l(1). Let b(g) = 38*g - 25. Let k be b(d). Suppose 4*q = 4*r + 968, 2*q - r + 4*r = k. Is q a composite number?
False
Let u(k) = 4004*k + 15. Suppose -5*c - 12 = -t, -35*c = -40*c - 10. Is u(t) prime?
False
Let t be ((-240)/56)/(-15) - 17565/7. Let f be (-2)/(-7) - (-10868)/(-14). Let g = f - t. Is g a prime number?
True
Let r be ((-882)/(-28))/((-2)/8*-3). Suppose 37*m + 640 = r*m. Let g = m + -77. Is g a prime number?
False
Let l = 134763 + -61492. Is l a composite number?
True
Let b(n) = -n**3 - 6*n**2 - 7*n - 5. Suppose 4*p + 7 = 3*p - 2*m, -3*m = -5*p - 22. Let q be b(p). Suppose 0 = 6*j - q*j - 211. Is j a composite number?
False
Let j = -69 - -80. Let h(x) = 10*x**2 - 32*x + 19. Is h(j) a composite number?
False
Is (330/44)/15*1544234 a composite number?
True
Suppose -l + 5*p = 1144, 406 + 720 = -l - p. Let d = -120 - l. Is d a composite number?
False
Let h = -11 + 17. Suppose -h*z = -775 - 3335. Let a = 1004 - z. Is a a prime number?
False
Suppose -3 = -3*p + 4*p. Let x(h) = h**3 + 2*h**2 - h + 2. Let f be x(-3). Is -177*(16/f - p) a composite number?
True
Let g = -640552 - -1329413. Is g composite?
False
Let u(i) = -37763*i**3 + 154*i**2 + 312*i + 15. Is u(-2) prime?
True
Let f(a) = 2*a**3 + 3 - 218*a**2 - a**3 + 208*a**2 - 15*a. Let u be f(11). Let d = u - -64. Is d prime?
True
Suppose 0 = 13*a + 8*a + 281589. Let u = 30678 + a. Is u prime?
False
Let u = 212552 - -9155. Is u prime?
True
Suppose -400233 = 132*m - 2847381. Is m composite?
False
Let k = 174 - 324. Let c = k + 1653. Suppose -3*z - 2*z + c = 3*w, 2*w = -3*z + 1002. Is w composite?
True
Let x(b) be the second derivative of 27*b**3 - 5*b**2 - 11*b. Let j be x(9). Let p = j - -93. Is p a prime number?
False
Let v(u) = -u**3 + 7*u**2 + 12*u - 2. Let q be v(8). Let p = 35 - q. Suppose -1786 - 1419 = -p*b. Is b a prime number?
True
Let s be (206/(-5))/((-2)/10). Let t = 1505 + -1602. Let y = t + s. Is y a composite number?
False
Let q(k) = 1273*k**2 + 685*k + 17. Is q(9) composite?
True
Suppose 13*h - 33 + 7 = 0. Is (-519623)/(-117) + h/(-9) prime?
True
Suppose 568584 = 17*w - 623303. Is w a prime number?
True
Let h(s) = 207*s**2 - s + 473. Is h(-35) a composite number?
False
Let r(c) = c**2 + 39*c + 23. Suppose -82 = -5*u + 38. Is r(u) composite?
True
Suppose 313 = 5*h - 97. Is ((-10391)/6*4)/(h/(-123)) composite?
False
Let u(l) = 4*l**2 - 21*l + 21. Suppose 4*h + 3*h - 21 = 0. Suppose h*x + 10 = -38. Is u(x) prime?
True
Let h be (-60)/(-18)*36/10. Let l be h/30 + (-6)/(-10). Is l/(3 - (-32)/(-11)) prime?
True
Let m(g) = 6802*g**3 + 6*g**2 - 7*g + 2. Is m(1) a composite number?
False
Let d = -71 + 74. Suppose 0*l - 2*p + 6 = 2*l, 0 = -l - d*p + 5. Suppose -2*s + 5894 = -4*y, -4 = l*y + 2. Is s composite?
True
Suppose 19*o - 26327 - 101600 = 0. Is o prime?
True
Let y(r) = 129*r**3 - 3*r**2 + 6*r - 10. Let i be y(4). Suppose 25*g - i = 23*g. Is g prime?
True
Let t = 1250868 - 722657. Is t composite?
True
Let p(t) be the third derivative of t**6/120 + 5*t**5/12 - t**4/2 - 67*t**3/6 + 125*t**2. Is p(-19) prime?
False
Let j = 2399 - 1650. Suppose 0 = -4*h - 5*y + 1345, 4*h + 2*y = -15 + 1345. Let l = j - h. Is l composite?
False
Suppose 97*l - 59*l = 1068142. Is l composite?
False
Suppose -y = -q + 57, 50 = 3*q + 2*y - 111. Let p = -50 + q. Suppose -2443 = -p*k + 2*o, -2*o + 0*o = 3*k - 1469. Is k prime?
False
Let s be (6/(-9))/(2/3). Let b be (-8)/(-6)*(s + (-380)/(-8)). Suppose -912 = -2*j + b. Is j prime?
True
Suppose 33 = 6*d + 15. Let z(f) = 71*f**3 + f**2 + 6*f - 1. Is z(d) prime?
False
Suppose -176791 = -2*h + a, 0 = -3*a + 7*a + 20. Suppose 3*r - 760 = -2*x + h, -3*x = r - 29720. Is r a composite number?
False
Let g be 4/((-20)/(-15)) - 25. Let h be (-6 + 9)*g/3. Let i = h + 149. Is i a prime number?
True
Is (-14 - (20 - 24)) + (61011 - 0) prime?
True
Let a = 54 - 24. Suppose 1 = 29*y - a*y. Is (6 + y)*44/4 composite?
True
Suppose -268467 = -v - 2*l, 39*l = 4*v + 41*l - 1073826. Is v composite?
True
Suppose -u - 4*u + o + 313 = 0, -5*u - 4*o + 323 = 0. Is u/(-42) + (-3370)/(-4) composite?
True
Let u(c) = 2346*c**2 + 22*c + 44. Let t be u(-2). Let q = t + -6233. Is q a composite number?
True
Let f(o) be the first derivative of -203/2*o**2 - 13 - o. Is f(-6) composite?
False
Suppose 2*p + 52*x = 56*x + 224822, 4*p + x - 449581 = 0. Is p prime?
True
Suppose 23